e prime factors of (-2)/(-3) - (3 - 12355/21).
2, 293
Let k = -49 - -57. Let f(z) = z**3 - 9*z**2 + 12*z - 1. List the prime factors of f(k).
31
Let s(l) = -8*l - 24. Let z be s(9). Let x = z - -200. What are the prime factors of x?
2, 13
Suppose -5*j = 58 + 42. Let p be 1*2*29/2. Let r = j + p. List the prime factors of r.
3
Suppose -s + 34 = -2*g, 4*g + s = 18 - 80. Suppose -5*q + 22 + 8 = 0. List the prime factors of (-10 + -5)/(q/g).
2, 5
Suppose -3*r - 10 = 2*i, 9 = -3*i - 2*r - r. Suppose i = x - 3. What are the prime factors of ((-19)/4)/(x/(-16))?
19
Let c be (1 - (-1)/(-7))/((-5)/(-455)). Suppose -149 = -h + c. What are the prime factors of h?
227
Suppose -3*r + 3*n = -1275, -5*n - 393 + 2129 = 4*r. List the prime factors of r.
3, 11, 13
Let q(w) = w**3 + 4*w**2 - 3*w + 6. Let u be q(-5). Let m be 1*(u/(-2) - -17). Let k = m + -13. List the prime factors of k.
2, 3
Suppose -24*m + 18819 = -7605. What are the prime factors of m?
3, 367
Let g = 8917 - 5152. List the prime factors of g.
3, 5, 251
Let k be (24/10)/((-12)/(-40)). Let c be 4/k*188 - -2. Let x = -30 + c. List the prime factors of x.
2, 3, 11
Suppose 4*j + q = 65, 19 + 1 = 2*j - 2*q. Let w = j + -13. Suppose 0 = 5*i + 25, 4*i - i = -w*l + 57. What are the prime factors of l?
2, 3
Let j(a) = -10*a**3 - a**2 - 2*a - 1. Let f be j(-1). Let r(u) be the first derivative of u**2/2 + 7*u + 37. What are the prime factors of r(f)?
17
Suppose -4*z + f + 8 = 0, 2*z - z - 2 = -2*f. Suppose 13 = 3*n - z. Suppose -j - 3*a + 3 = -32, -5*a = n*j - 185. List the prime factors of j.
2, 19
Let h = 1068 + -30. List the prime factors of h.
2, 3, 173
Let p(x) = -10*x - 4. Let k be p(-10). Suppose k = 3*q - 51. List the prime factors of q.
7
Let g = 32 - -92. List the prime factors of g.
2, 31
Let n(l) = 2*l**3 - 13*l**2 + 11*l - 27. List the prime factors of n(6).
3
Let w = 645 - 258. What are the prime factors of w?
3, 43
Suppose -5*p + 44 = 44. Suppose -t = -p + 5, 180 = 3*j + 3*t. What are the prime factors of j?
5, 13
Let z(u) = -3*u**2 - 93*u - 45. List the prime factors of z(-30).
3, 5
Let c(s) = -36*s + 30. What are the prime factors of c(-12)?
2, 3, 7, 11
Let h = 178 - 71. What are the prime factors of h?
107
Let p(k) = -6 - 6 + 10 + k + 29*k**2. Let a be p(1). What are the prime factors of 0/2 + -2 + a?
2, 13
Let p(g) = 7*g + 30. Let r be p(9). Suppose -3*t + 105 + r = 0. List the prime factors of t.
2, 3, 11
Suppose -3*n = -n. Suppose i - 74 = -n*i. List the prime factors of i.
2, 37
Let s(n) = 6*n**2 + 4*n + 5. Let j(q) = 11*q**2 + 7*q + 9. Let c(r) = 3*j(r) - 5*s(r). Let h = -4 + 7. List the prime factors of c(h).
2
Suppose -9580 = -5*r - 2*k, 2*k + 4 = -6. List the prime factors of r.
2, 7, 137
Let k(u) = -u - 4. Let v be k(-10). Let g = v + -4. Suppose 3*z + 66 = 3*p - g*z, 0 = 3*z. List the prime factors of p.
2, 11
Let x(b) = 3*b**2 - 12*b + 7. Suppose -2 = 2*k - 12. What are the prime factors of x(k)?
2, 11
List the prime factors of (0 + 5151/9)/(4/12).
17, 101
Let y(t) = t**2 - t - 4. Let n = -12 - -15. Let p be y(n). Let a = p - -10. What are the prime factors of a?
2, 3
Let k(o) = 155*o - 255. List the prime factors of k(20).
5, 569
Let p(s) = s**2 - 7*s + 8. Let d(z) = -z**2 + z - 1. Let i(g) = 4*d(g) + p(g). Let f(r) be the first derivative of i(r). List the prime factors of f(-4).
3, 7
Suppose -2*b = -2*q + q + 1, 3*q - 7 = 4*b. Suppose 5 + 5 = 3*i + j, -3*i - q*j + 26 = 0. What are the prime factors of i?
2
Suppose -284 = 5*i - 4*i. Let v be i/14 + (-8)/(-28). List the prime factors of 72/16*v/(-3).
2, 3, 5
Let o be (0 + -4 + 155/35)*7. Suppose 3*k = 5*u + 624, -3*k + 1056 = 2*k - o*u. What are the prime factors of k?
3, 71
Let o(y) = 3*y + 9. Let f be o(-2). Suppose v = f*s - 10, 4*s + 3*v + 0*v = 35. List the prime factors of s.
5
List the prime factors of 1*(411 - 0 - 0).
3, 137
Let w = -294 + 4017. List the prime factors of w.
3, 17, 73
Suppose 0 = -y - 2*y + 4*d - 400, -4*d + 528 = -4*y. Let r = 84 + y. Let l = -28 - r. What are the prime factors of l?
2
Let l be (-2)/6 + 4/(24/(-850)). Let k = 263 + l. What are the prime factors of k?
11
Let v(a) = 2*a**3 - 6*a - 5. List the prime factors of v(5).
5, 43
Suppose 0 = 3*k - 2 + 8. What are the prime factors of -3 + 73 + (k - -4)?
2, 3
Suppose 0 = 4*y - 3*y - 5*g + 50, 5*y + 4*g + 221 = 0. Let n = -13 - y. List the prime factors of n.
2
Suppose 5*k + 0*k + 3*w - 390 = 0, -k = 4*w - 78. List the prime factors of k.
2, 3, 13
Suppose -2*m - 50 = -4*a, -31 = -2*a - 2*m + m. Suppose i - 2*f = -a, 4*f - 5*f = -4. What are the prime factors of 3/(i/(-44))*1?
2, 11
Let j be 1 + (-5)/4 + (-13)/(-4). Suppose 0 = 4*k - 3*y - 695 + 203, 132 = k - j*y. What are the prime factors of k?
2, 3, 5
Let d(g) = -188*g - 29. List the prime factors of d(-2).
347
List the prime factors of (-63)/(-21) + -1 + 433.
3, 5, 29
Suppose -5*a + 0 - 7 = 3*m, -4*a - 10 = -2*m. List the prime factors of ((-1743)/6)/7*a.
83
Suppose 0 = 3*s + 352 - 1804. List the prime factors of s.
2, 11
Let l = 2917 + 1616. List the prime factors of l.
3, 1511
Suppose -d = -68 + 25. Let r = d - 32. List the prime factors of r.
11
Suppose 0 = -8*i + 6*i - 288. Let c be 2/(-1 - (-6)/9). List the prime factors of (2/c)/(4/i).
2, 3
Let s(o) = -17*o**3 - 12*o**2 - 23*o + 1. What are the prime factors of s(-3)?
421
Let p(f) = -12*f + 14. Let h be p(-11). Let i = -80 + h. List the prime factors of i.
2, 3, 11
Suppose 0 = 4*h - 2*h + 5*k + 7, -k + 9 = 3*h. Suppose 0 = 2*l - 4 - h. Suppose 0*z - 4*z = -4*s - l, 5*z = 3*s + 15. List the prime factors of z.
2, 3
Let o(m) = m**2 + 7*m - 32. Let i(r) = r**2 + r - 10. Let f be i(-5). List the prime factors of o(f).
2, 3, 23
Let t(s) = 22*s**2 + 49*s + 18. What are the prime factors of t(10)?
2, 677
Let m(c) = -26*c - 1. Suppose 2*w + 2*i = -24, 2*i + 18 = -w - i. Let y = -10 - w. What are the prime factors of m(y)?
5
Let a(r) = r - 8. Let f be a(8). Suppose 0*g - 4*g + 20 = f. Suppose -60 = -g*s - q, -s = -q + 4*q - 26. List the prime factors of s.
11
What are the prime factors of 679/4 - ((-10)/(-8))/(-5)?
2, 5, 17
What are the prime factors of (-47684)/(-56)*(-4)/(-2)?
13, 131
Let m(r) = 2*r + 17. Let g be m(-7). Suppose -2*o + 9 = 4*j - 3, o - g*j = 11. Suppose -12*d = -o*d - 40. List the prime factors of d.
2, 5
Let g(t) = -t**2 + 10*t - 2. Suppose -8*b + 4*b = -12, -h - 5*b = -19. Let u be h - 1 - (3 - 8). What are the prime factors of g(u)?
2, 7
Suppose -4*a - 9 = -4*h + 35, 5*a + 6 = -2*h. Suppose -h*w = -8*w + 48. List the prime factors of w.
2, 3
Let t(f) = -5*f**2 - 13*f + 10. Let z(r) = -r**2 + 1. Let n(b) = 2*b + 10. Let g be n(-7). Let p(j) = g*z(j) + t(j). What are the prime factors of p(-11)?
2, 7
What are the prime factors of 12/28 + (-946)/(-14)?
2, 17
Suppose -1 - 26 = -9*j. Suppose -2*h - t + 302 = 0, -2*t + 4*t = j*h - 446. List the prime factors of h.
2, 3, 5
Suppose d + o - 152 = 3*o, 318 = 2*d + 3*o. Let b(i) = 152 - d + i**2 + 0*i**2 - 5*i. List the prime factors of b(-5).
2, 23
Suppose 0 = -d - 2*a + 650, -5*d - 1496 = 3*a - 4746. What are the prime factors of d?
2, 5, 13
Let o(c) = c**3 + 7*c**2 - 7*c + 10. Let a(w) = w**2 + 5*w + 11. Let r be a(-8). Suppose 2*i + 3*i = -r. List the prime factors of o(i).
59
Let f = -3 + -1. List the prime factors of (9 - 5) + f + 109.
109
Let j = -240 - -274. What are the prime factors of j?
2, 17
Suppose 3*f = -0*f + 78. Let y = 32 - f. Suppose y*m - 4*m = 114. What are the prime factors of m?
3, 19
Let s(f) = 4*f**2 + 7*f. Let z be s(-3). Let t = -4 + z. What are the prime factors of t?
11
Let z(u) = -u**3 - 8*u**2 + u + 13. Let r be z(-8). Suppose -140 = -r*b - 5*j, b + 2*b = 5*j + 52. List the prime factors of b.
2, 3
Let d be (-3)/((-27)/6) + 3/9. What are the prime factors of (-18)/(-54) - d*386/(-3)?
3, 43
Suppose 0*j + 3*j - 102 = 5*b, 0 = 3*j - 12. List the prime factors of (b + 8 - -4)*6/(-4).
3
Suppose -5*u + 5574 = 2*c, 0 = 5*u + 5*c - 5163 - 417. List the prime factors of u.
2, 557
Suppose 0 = 171*c - 158*c - 32734. What are the prime factors of c?
2, 1259
Let i be (-715)/(-35) - 3/7. Let s be i/(-15)*42/4. Let b = s + 45. What are the prime factors of b?
31
Suppose -6954 = -2*w - 5*m - 436, -2*w = 2*m - 6506. List the prime factors of w.
3, 19
Suppose 0 = 9*m